
Let t(a) = 15*a**2 + a + 1. Let z = 5 + -6. List the prime factors of t(z).
3, 5
Suppose -15*o + 196 = -8*o. List the prime factors of o.
2, 7
Let x = 10 - -14. What are the prime factors of x/13 + 14/91?
2
Let h = 223 + -143. What are the prime factors of h?
2, 5
Suppose 3*x = 2*x. Suppose -k + x = -22. Let b = k + -11. List the prime factors of b.
11
Let o(z) = -z**3 - 5*z**2 + 5*z - 9. List the prime factors of o(-8).
11, 13
Suppose -2*m - 68 = -16. Let j = -7 - m. Let c = j - 9. What are the prime factors of c?
2, 5
Let l(g) = -g - 5. Let q be l(-5). Let z be (1 - q)*1 + 17. List the prime factors of z/(-15)*(-45)/6.
3
Suppose -3*b - 4*n - 4 = 0, -b + 3*b = -3*n - 3. Suppose 4*x - 3*w - 8 = 0, b = 4*x - x + 4*w - 6. List the prime factors of x.
2
Let u(z) = -z**3 - z**2 - z - 2. Let g be u(-2). Let i(b) = g*b + b**2 + 0 - 1 + 3*b - 4*b. What are the prime factors of i(-5)?
3
Suppose -226 = -12*j + 10*j. What are the prime factors of j?
113
Suppose 0*k + 184 = 2*o + 3*k, 0 = 4*o + k - 348. What are the prime factors of o?
2, 43
Let p be (-2)/8 + 1785/20. Suppose -5*g + p = -36. Suppose -2*q + 7*q = g. List the prime factors of q.
5
Let t = 2 + -2. Let l be 9 - t - (-1)/1. Suppose 0 = -4*q + 22 + l. What are the prime factors of q?
2
Suppose -5*o = -5*g - 0 + 15, 0 = -g + 3*o + 3. Suppose 22 = 3*v - 2*b, 34 = g*v + 3*b - 8. What are the prime factors of v?
2, 5
List the prime factors of 1/(1*4/44).
11
Suppose j - 3*j = -14. List the prime factors of j.
7
Suppose f - 3*f - 2 = 0. List the prime factors of (-22)/(-3 - f) + 2.
13
Let h be 5 + 1/1*-2. Suppose h*m + 2*s + 24 = 7*m, -30 = -5*m + 2*s. What are the prime factors of m?
2, 3
Let p(d) = 12*d + 23. What are the prime factors of p(8)?
7, 17
Let j(k) = -k**2 - 29*k - 18. What are the prime factors of j(-23)?
2, 3, 5
Suppose -6*l = -l + 15. Let d be (l - -2)/(2/(-16)). What are the prime factors of (-2)/8 - (-34)/d?
2
Let f(a) = -31*a + 8. List the prime factors of f(-3).
101
Let c(o) = 3*o**3 + 35*o**2 + 16*o - 10. List the prime factors of c(-10).
2, 3, 5, 11
Suppose -5*b + 58 = 4*u, 4*b = 2*u + 2*u + 32. Let q = -8 + b. List the prime factors of q.
2
Let o(w) = 11*w**2 + 10*w + 6. What are the prime factors of o(-5)?
3, 7, 11
Let n be (9 - 0)/(1/(-1)). Let z(u) = -u**2 - 8*u + 3. Let m be z(n). Let o = 11 + m. List the prime factors of o.
5
Let t = 10 + -5. Suppose 4*i - 200 = h, -t*i + 6*i + h - 45 = 0. Suppose j = -b + 15, -2*b = 5*j - 14 - i. List the prime factors of j.
11
Suppose -5*y - 44 - 254 = -2*f, -f + y = -152. List the prime factors of f.
2, 7, 11
Let h(g) = -g**3 + 2*g**2 + g - 4. Let j be h(3). Let x be 4/5*125/5. What are the prime factors of (j/(-4))/(5/x)?
2, 5
Suppose 3*o - 2 = 28. Let l be 34/o + (-6)/15. Suppose -l*x + 2 = -4. What are the prime factors of x?
2
Let z = 4 - -24. What are the prime factors of z?
2, 7
Let g(c) = c**2 + 8*c + 6. Let x be g(-6). What are the prime factors of (-88)/x - (-2)/(-3)?
2, 7
Let y be (-2 + 1)/(3/(-24)). Let w = y - -2. List the prime factors of w.
2, 5
Let g(s) = 4*s - 1. Let j be g(2). Suppose -j = 3*f - 82. List the prime factors of f.
5
Suppose k = -k. Suppose -5*n = k, -4*i = -i + 4*n - 24. Suppose i*r - 4*r = 20. What are the prime factors of r?
5
Let y(w) = w**2 - 7. Let d be y(-5). Let z be (-2)/9 - (-130)/d. Suppose z = 3*k - 14. List the prime factors of k.
7
Let b be -3 + -34*(-9)/6. Let t = 74 - b. What are the prime factors of t?
2, 13
Suppose -3*m = -25 - 1181. What are the prime factors of m?
2, 3, 67
Let a(n) = n**3 - 2*n**2. Let u be a(1). Let k be (-1 - u)/1 + 4. Suppose -i + x = -3, x = -4*i - 3*x + k. What are the prime factors of i?
2
Suppose 3*p + 511 - 1401 = -5*j, -4*j = -3*p + 935. What are the prime factors of p?
5, 61
What are the prime factors of (-22)/((-38)/12 + 3/1)?
2, 3, 11
Suppose -w + 5*b + 65 = 0, 3*w - 4*b - 149 - 24 = 0. Suppose 2*q - w = -4*r - 21, 0 = r - 4. What are the prime factors of q?
3
Suppose -2*v = 3*o + 1, 3*v + 2*o - 3*o = 26. Suppose w + 0*w + 4*k = 15, 2*k = -3*w + 95. Suppose 0 = -2*m + v*m - w. What are the prime factors of m?
7
What are the prime factors of 10325/50 + (-1)/(-2)?
3, 23
Let w(c) = 4*c - c**2 - c + 9*c. List the prime factors of w(11).
11
Suppose 84 = 3*w - 234. List the prime factors of w.
2, 53
Let h(d) = 7*d**2 - d - 20. List the prime factors of h(5).
2, 3, 5
Let o = -59 - -144. Suppose 47 = 5*s + 5*b - 38, b + o = 5*s. List the prime factors of s.
17
Let i = 8 - 5. Suppose i*q = -2*o, 0*o + 3*q = 3*o. Suppose r - 1 - 18 = o. What are the prime factors of r?
19
Suppose -3*x - 142 = -4*o, -191 = -5*o + 4*x - 14. Let k = o - 21. What are the prime factors of k?
2
Let h(r) = r**2 - 2*r + 3. Suppose 3*g = b - 2*b + 6, 5*b = -2*g - 9. What are the prime factors of h(g)?
2, 3
Suppose p + f = 23 - 4, 2*p - 22 = 2*f. List the prime factors of 9*(3 - p/9).
2, 3
Suppose 0 = -2*s - o - 7, -4*o - 3 = -4*s + 1. Let p be 29/4 + s/8. Suppose 5*b + 36 = p*b. List the prime factors of b.
2, 3
Let w(o) = o**3 - 9*o**2 + 14*o - 19. What are the prime factors of w(10)?
13, 17
Suppose -3*o - 19*o + 4136 = 0. List the prime factors of o.
2, 47
Let f(l) = -l**2 - 6*l + 10. Let m be f(-7). Suppose 5*h + a = h + 13, m*h = a + 8. List the prime factors of h.
3
Suppose j + 30 = -3*u + u, -5*j - 185 = 3*u. Let l = 62 + j. What are the prime factors of l?
2, 11
Let n(h) = -30*h**3 + h**2 - 1. Let r be n(1). What are the prime factors of ((-15)/6)/(3/r)?
5
Suppose 5*k - 16 = -4*u, 2*u + 24 = 4*k + 6. Suppose k*i - 36 - 44 = 0. Suppose i = 4*a - 40. List the prime factors of a.
3, 5
Let y = -12 - -44. Suppose 3*w - 13 = g, 4*w = -2*g + 7*g + y. What are the prime factors of w?
3
List the prime factors of -2 + 438/4 + (-12)/8.
2, 53
Suppose -2*g - 328 = -t, 2*g + 1 + 3 = 0. List the prime factors of t.
2, 3
Let u = -14 - -46. Suppose 2*a + u = 4*a. List the prime factors of a.
2
Let u(k) = -7*k**3 + k**2 + k + 3. Let i be u(-2). Let o = i + -10. List the prime factors of o.
3, 17
Let a = 5 + -1. Let t(j) = 0*j + 6 + j - 2*j. What are the prime factors of t(a)?
2
Suppose -2*s - 4*l = -76, 2*s + 3*l = -0*l + 71. List the prime factors of s.
2, 7
Suppose 2*h = 6 - 0. Suppose 3*p - 2*d + 4*d = 16, 0 = h*p + d - 14. List the prime factors of p.
2
Suppose 3*b + 8 - 62 = 0. What are the prime factors of b?
2, 3
Suppose 3*b + 23 = 4*b. Let n = b - 14. List the prime factors of n.
3
What are the prime factors of -4 + 0 - -7 - -20?
23
Suppose -5*w + 16 = 1. Let f = -1 - w. List the prime factors of (-3)/12 + (-85)/f.
3, 7
Let i = -25 - -20. Let f(o) = o**3 + 7*o**2 + 6*o - 1. List the prime factors of f(i).
19
Let d(h) be the second derivative of h**4/6 + h**3/6 - 2*h**2 + h. Let a(u) = 2*u**2 + 2*u - 5. Let b(x) = -5*a(x) + 6*d(x). What are the prime factors of b(3)?
7
Suppose -12 = -4*v + o - 2*o, 0 = 2*v - 2*o - 6. Let j = v + 3. List the prime factors of j.
2, 3
Let g = 12 + -27. Let a be (6/(-8))/((-6)/24). List the prime factors of a/g - (-232)/10.
23
Let y = 25 + -18. Let t(v) = -v - 3 + 7*v + 2 + 2*v - v**2. List the prime factors of t(y).
2, 3
What are the prime factors of (-3)/1 - (-187 - (-1)/(-1))?
5, 37
Let z be 108/(-16)*80/(-3). Suppose -q - z = -4*q. What are the prime factors of q?
2, 3, 5
Let d = -23 - -28. What are the prime factors of d?
5
Let l(m) = -m**3 - 6*m**2 - 7*m + 1. List the prime factors of l(-5).
11
Let b(s) be the third derivative of 11*s**5/30 - s**4/24 - s**2. List the prime factors of b(1).
3, 7
Suppose 5*w - 641 = -4*k, 671 = -k + 5*k - 5*w. List the prime factors of k.
2, 41
Let s = 137 + -98. What are the prime factors of s?
3, 13
Let y(f) = f**2 + 3*f + 2. Let r be y(-3). Suppose 110 = 5*o - 5*s, -3*o - r*s - 12 = -73. What are the prime factors of o?
3, 7
Let n(m) = 2*m**2 + 3*m - 3. Suppose -2*h = 4*x + 8, 4*x - 2*h - 3 = -27. List the prime factors of n(x).
17
Let h(c) = c**2 + 3*c + 2. Let d(x) = x**2 + 4*x + 1. Let z(r) = -4*d(r) + 3*h(r). What are the prime factors of z(-6)?
2
Let p(z) = z**3 - z. Let d be 17/7 + 3/(-7). What are the prime factors of p(d)?
2, 3
Suppose 0 = 20*a - 16*a - 52. What are the prime factors of a?
13
Suppose 0*t - 4 = 3*r - 5*t, r + 4 = 3*t. Suppose -r*l + 4 = 0, i + 4*i + 5*l - 30 = 0. List the prime factors of i.
2
Supp